{"id":19,"date":"2018-07-30T13:29:05","date_gmt":"2018-07-30T11:29:05","guid":{"rendered":"http:\/\/lebe-deinen-stil.ch\/?page_id=19"},"modified":"2023-08-10T18:42:59","modified_gmt":"2023-08-10T16:42:59","slug":"juhuu-jetzt-wird-geheiratet-hochzeit","status":"publish","type":"page","link":"https:\/\/www.xn--handwrk-liestal-4kb.ch\/index.php\/juhuu-jetzt-wird-geheiratet-hochzeit\/","title":{"rendered":"Hochzeit"},"content":{"rendered":"\n<p class=\"has-text-align-center\"><strong>Juhuuuu jetzt wird geheiratet !<\/strong><\/p>\n\n\n\n<p class=\"has-text-align-left\">Egal auf welche Art geheiratet wird, wir machen Dich zur sch\u00f6nsten Braut, ganz nach deinem Wunsch.<\/p>\n\n\n\n<p>Du und deine Begleitung werden von uns an deinem grossen Tag mit einem G\u00fcpli und guter Stimmung verw\u00f6hnt. Gerne darfst du dich auch gleich bei uns umziehen. Wir freuen uns auf dich.<\/p>\n\n\n\n<p class=\"has-text-align-left\">Unten Aufgelistet findest du diverse Angebote die unterteilt sind mit Bronze, Silber und Gold.<\/p>\n\n\n\n<p><\/p>\n\n\n\n<p><\/p>\n\n\n\n<p><\/p>\n\n\n\n<p class=\"has-text-align-center has-medium-font-size\"><strong>Die Vorbesprechung kann M\u00fcndlich oder Praktisch vereinbart werden.<\/strong><\/p>\n\n\n\n<p class=\"has-text-align-center has-small-font-size\">Haar m\u00fcndlich: ca.15 min 22.-         Make-Up m\u00fcndlich: ca.15 min 22.-<\/p>\n\n\n\n<p class=\"has-text-align-center has-small-font-size\">Haar Probetermin Praktisch: ca 1.5h 145.- Make-Up Probetermin Praktisch ca.1.5h 145.-<\/p>\n\n\n\n<p><\/p>\n\n\n\n<p><\/p>\n\n\n\n<p class=\"has-text-align-center has-medium-font-size\"><strong>Bronze:<\/strong>  Haar 95.-   Make-Up 80.-<\/p>\n\n\n\n<p class=\"has-text-align-center\"> Die Haare bleiben offen und \/ oder kleine Elemente werden zur\u00fcck gesteckt. Die Haare werden gelockt oder gestreckt.<strong> <\/strong><\/p>\n\n\n\n<p class=\"has-text-align-center\">Das Make-up haltet sich sehr dezent. R\u00f6tungen werden abgedeckt, helle und leichte Liedschattenfarben werden verwendet, Wimperntusche, Rouge und Gloss f\u00fcr die Lippen.<\/p>\n\n\n\n<p><\/p>\n\n\n\n<p class=\"has-text-align-center has-medium-font-size\"><strong>Silber:<a href=\"Silber: \"> <\/a>  <\/strong>Haar 145.-    Make-Up 130.-<\/p>\n\n\n\n<p class=\"has-text-align-center\">Die Haare werden teilweise hochgesteckt. Elemente wie Zopf, Kordel kommen darin vor.<\/p>\n\n\n\n<p class=\"has-text-align-center\"> Das Make-Up besteht aus einer Grundierung die R\u00f6tungen und Hautirritationen bedeckt und mit Powder mattiert und befestigt. Eyeliner,  kr\u00e4ftigere Liedschattenfarben, Gloss, Rouge und Lippenfarben geh\u00f6ren dazu.<\/p>\n\n\n\n<p><\/p>\n\n\n\n<p class=\"has-text-align-center has-medium-font-size\"><strong>Gold: <\/strong> Haar 190.-  Make-Up 145.-<\/p>\n\n\n\n<p class=\"has-text-align-center\">Bei diesem Paket werden dir die Haare gr\u00f6sstenteils hochgesteckt oder mit Haarteilen ausgeschm\u00fcckt und verdichtet.<\/p>\n\n\n\n<p class=\"has-text-align-center\">Das Make-Up beinhaltet alles was dein Make-Up Herz sich w\u00fcnscht. Kr\u00e4ftigere Farben oder Smokey Eyes, einfach alles was dazu geh\u00f6rt f\u00fcr eine Make-Up Liebhaberin.<\/p>\n\n\n\n<p><\/p>\n\n\n\n<p><\/p>\n\n\n\n<p class=\"has-text-align-center has-medium-font-size\"><strong>Im \u00dcbrigen&#8230;<\/strong><\/p>\n\n\n\n<p class=\"has-text-align-center\"> Eine kleine Auswahl an Haarschmuck kann bei uns ausgeliehen werden.<\/p>\n\n\n\n<p><\/p>\n\n\n\n<p><\/p>\n\n\n\n<p><\/p>\n","protected":false},"excerpt":{"rendered":"<p>Juhuuuu jetzt wird geheiratet ! Egal auf welche Art geheiratet wird, wir machen Dich zur sch\u00f6nsten Braut, ganz nach deinem Wunsch. Du und deine Begleitung werden von uns an deinem grossen Tag mit einem G\u00fcpli und guter Stimmung verw\u00f6hnt. Gerne darfst du dich auch gleich bei uns umziehen. Wir freuen uns auf dich. Unten Aufgelistet [&hellip;]<\/p>\n","protected":false},"author":1,"featured_media":0,"parent":0,"menu_order":0,"comment_status":"closed","ping_status":"closed","template":"","meta":{"footnotes":""},"class_list":["post-19","page","type-page","status-publish","hentry"],"_links":{"self":[{"href":"https:\/\/www.xn--handwrk-liestal-4kb.ch\/index.php\/wp-json\/wp\/v2\/pages\/19","targetHints":{"allow":["GET"]}}],"collection":[{"href":"https:\/\/www.xn--handwrk-liestal-4kb.ch\/index.php\/wp-json\/wp\/v2\/pages"}],"about":[{"href":"https:\/\/www.xn--handwrk-liestal-4kb.ch\/index.php\/wp-json\/wp\/v2\/types\/page"}],"author":[{"embeddable":true,"href":"https:\/\/www.xn--handwrk-liestal-4kb.ch\/index.php\/wp-json\/wp\/v2\/users\/1"}],"replies":[{"embeddable":true,"href":"https:\/\/www.xn--handwrk-liestal-4kb.ch\/index.php\/wp-json\/wp\/v2\/comments?post=19"}],"version-history":[{"count":47,"href":"https:\/\/www.xn--handwrk-liestal-4kb.ch\/index.php\/wp-json\/wp\/v2\/pages\/19\/revisions"}],"predecessor-version":[{"id":505,"href":"https:\/\/www.xn--handwrk-liestal-4kb.ch\/index.php\/wp-json\/wp\/v2\/pages\/19\/revisions\/505"}],"wp:attachment":[{"href":"https:\/\/www.xn--handwrk-liestal-4kb.ch\/index.php\/wp-json\/wp\/v2\/media?parent=19"}],"curies":[{"name":"wp","href":"https:\/\/api.w.org\/{rel}","templated":true}]}}